factor of 4140?
True
Is 162 a factor of 10592?
False
Is 239 a factor of 18642?
True
Is 13 a factor of 2386?
False
Is 21 a factor of 252?
True
Is 16 a factor of 263?
False
Is 50 a factor of 900?
True
Does 10 divide 4190?
True
Does 21 divide 2289?
True
Is 13 a factor of 6121?
False
Is 52 a factor of 12064?
True
Is 5 a factor of 1450?
True
Is 32822 a multiple of 103?
False
Is 650 a multiple of 13?
True
Does 83 divide 3030?
False
Is 763 a multiple of 109?
True
Does 114 divide 9120?
True
Is 42 a factor of 15750?
True
Does 2 divide 633?
False
Is 287 a multiple of 7?
True
Is 3220 a multiple of 23?
True
Is 12879 a multiple of 12?
False
Is 3 a factor of 17697?
True
Does 9 divide 26650?
False
Does 45 divide 5175?
True
Does 38 divide 5586?
True
Is 162 a factor of 106434?
True
Is 31 a factor of 61991?
False
Is 15 a factor of 831?
False
Is 5338 a multiple of 71?
False
Is 7 a factor of 687?
False
Is 162 a factor of 940?
False
Does 87 divide 7781?
False
Does 2 divide 102?
True
Is 11 a factor of 4781?
False
Is 10 a factor of 510?
True
Is 51 a factor of 3986?
False
Is 10 a factor of 2121?
False
Is 17 a factor of 81?
False
Is 79 a factor of 316?
True
Does 41 divide 5386?
False
Is 1932 a multiple of 42?
True
Does 48 divide 4896?
True
Is 5461 a multiple of 57?
False
Does 43 divide 11901?
False
Is 686 a multiple of 14?
True
Is 208 a multiple of 26?
True
Is 44 a multiple of 4?
True
Does 51 divide 572?
False
Does 7 divide 287?
True
Is 775 even?
False
Does 10 divide 1180?
True
Is 3 a factor of 462?
True
Is 75 a factor of 6521?
False
Is 32858 a multiple of 14?
True
Is 35 a factor of 331?
False
Does 16 divide 1104?
True
Does 13 divide 2836?
False
Is 854 a multiple of 14?
True
Is 252 a multiple of 18?
True
Is 8112 a multiple of 171?
False
Does 17 divide 1318?
False
Does 203 divide 30856?
True
Does 39 divide 624?
True
Does 2 divide 197?
False
Is 41730 a multiple of 13?
True
Is 3825 a multiple of 51?
True
Does 22 divide 2684?
True
Does 3 divide 264?
True
Is 19 a factor of 9645?
False
Is 26789 a multiple of 43?
True
Is 14 a factor of 448?
True
Is 18255 a multiple of 57?
False
Is 9888 a multiple of 6?
True
Is 2419 even?
False
Is 226 a multiple of 30?
False
Is 47 a factor of 20210?
True
Is 18 a factor of 4024?
False
Does 112 divide 10127?
False
Is 90 a multiple of 5?
True
Is 9504 a multiple of 5?
False
Is 61 a factor of 13962?
False
Does 6 divide 372?
True
Does 17 divide 2112?
False
Is 733 a multiple of 15?
False
Is 43 a factor of 229?
False
Does 20 divide 2560?
True
Is 9088 a multiple of 128?
True
Is 2097 a multiple of 42?
False
Does 124 divide 12152?
True
Is 138 a multiple of 13?
False
Is 1691 a multiple of 14?
False
Is 3 a factor of 3702?
True
Is 13 a factor of 19890?
True
Does 11 divide 25?
False
Is 475 a multiple of 2?
False
Is 22283 a multiple of 40?
False
Is 5148 a multiple of 18?
True
Is 427 a multiple of 7?
True
Is 61720 a multiple of 20?
True
Is 31 a factor of 663?
False
Does 96 divide 8858?
False
Is 8 a factor of 57922?
False
Does 45 divide 6030?
True
Is 38258 a multiple of 289?
False
Is 45 a factor of 17942?
False
Does 37 divide 5738?
False
Is 1134 a multiple of 54?
True
Does 4 divide 88?
True
Is 89 a factor of 94429?
True
Is 52 a multiple of 26?
True
Does 5 divide 857?
False
Is 11508 a multiple of 4?
True
Is 2527 a multiple of 28?
False
Does 37 divide 96570?
True
Is 11 a factor of 110?
True
Is 27084 a multiple of 37?
True
Does 26 divide 260?
True
Is 950 a multiple of 34?
False
Is 22 a factor of 3696?
True
Is 63178 a multiple of 253?
False
Does 60 divide 1653?
False
Is 5794 a multiple of 26?
False
Does 20 divide 940?
True
Does 158 divide 55584?
False
Is 3996 a multiple of 53?
False
Does 52 divide 52832?
True
Is 1305 a multiple of 29?
True
Does 63 divide 17010?
True
Does 27 divide 33?
False
Is 35 a factor of 1400?
True
Is 48 a factor of 807?
False
Is 86 a factor of 2924?
True
Is 56 a factor of 1008?
True
Is 608 a multiple of 26?
False
Is 1180 a multiple of 9?
False
Does 5 divide 749?
False
Does 45 divide 17235?
True
Is 5180 a multiple of 70?
True
Is 65 a factor of 1040?
True
Does 5 divide 4085?
True
Is 16 a factor of 13250?
False
Is 18 a factor of 3346?
False
Is 10431 a multiple of 104?
False
Does 14 divide 11550?
True
Is 23119 a multiple of 224?
False
Is 24 a factor of 504?
True
Is 2393 a multiple of 145?
False
Is 33 a factor of 1716?
True
Does 26 divide 1534?
True
Does 101 divide 26404?
False
Is 8 a factor of 1704?
True
Is 975 a multiple of 13?
True
Is 51024 a multiple of 8?
True
Does 39 divide 39?
True
Is 23 a factor of 3450?
True
Is 71 a factor of 89830?
False
Is 12168 a multiple of 24?
True
Is 13 a factor of 13595?
False
Does 69 divide 54579?
True
Does 87 divide 7534?
False
Is 2352 a multiple of 42?
True
Does 173 divide 5286?
False
Is 4 a factor of 25359?
False
Is 2761 a multiple of 19?
False
Is 9 a factor of 20617?
False
Is 440 a factor of 24078?
False
Does 134 divide 5226?
True
Does 4 divide 472?
True
Does 226 divide 2040?
False
Is 87 a multiple of 3?
True
Does 92 divide 11348?
False
Is 100 a factor of 1400?
True
Is 897 a multiple of 4?
False
Is 1097 a multiple of 13?
False
Does 8 divide 301?
False
Does 19 divide 15523?
True
Is 1895 a multiple of 11?
False
Is 9000 a multiple of 150?
True
Does 23 divide 1794?
True
Does 15 divide 135?
True
Is 73 a factor of 1598?
False
Is 105 a multiple of 15?
True
Is 18875 a multiple of 5?
True
Is 106912 a multiple of 13?
True
Is 10 a factor of 235?
False
Is 1250 a multiple of 41?
False
Is 46 a factor of 145?
False
Is 2108 a multiple of 8?
False
Is 329 a multiple of 47?
True
Is 1656 a multiple of 2?
True
Does 4 divide 5879?
False
Does 9 divide 396?
True
Is 8608 a multiple of 114?
False
Is 36 a factor of 540?
True
Does 88 divide 14555?
False
Does 24 divide 55716?
False
Is 20332 a multiple of 13?
True
Does 98 divide 10976?
True
Is 10061 a multiple of 8?
False
Does 6 divide 12719?
False
Is 972 a multiple of 4?
True
Is 92 a factor of 1288?
True
Does 89 divide 1691?
True
Is 812 a multiple of 14?
True
Is 4935 a multiple of 21?
True
Is 10 a factor of 100?
True
Does 108 divide 13277?
False
Is 1857 a multiple of 26?
False
Is 1715 a multiple of 35?
True
Is 3069 a multiple of 341?
True
Does 385 divide 65065?
True
Does 121 divide 11858?
True
Is 7280 a multiple of 35?
True
Is 6 a factor of 2668?
False
Is 27 a factor of 648?
True
Is 109896 a multiple of 19?
True
Is 1542 a multiple of 6?
True
Is 19 a factor of 209?
True
Is 80088 a multiple of 142?
True
Does 28 divide 24248?
True
Is 1890 a multiple of 135?
True
Is 47 a multiple of 6?
False
Is 11 a factor of 45849?
False
Is 11 a factor of 1441?
True
Does 5 divide 155?
True
Does 29 divide 551?
True
Does 34 divide 14801?
False
Is 8 a factor of 256?
True
Is 578 a multiple of 32?
False
Does 18 divide 21517?
False
Is 130 a factor of 3900?
True
Does 74 divide 5254?
True
Is 18 a factor of 900?
True
Is 21136 a multiple of 11?
False
Is 677 a multiple of 49?
False
Is 6 a factor of 233?
False
Is 17 a factor of 6358?
True
Does 13 divide 256?
False
Is 420 a multiple of 7?
True
Is 183 a multiple of 80?
False
Is 1085 a multiple of 12?
False
Is 16 a factor of 1354?
False
Does 23 divide 1656?
True
Does 72 divide 144?
True
Is 45 a factor of 855?
True
Does 39 divide 1612?
False
Is 5 a factor of 2494?
False
Is 3 a factor of 36?
True
Does 17 divide 931?
False
Does 18 divide 15770?
False
Is 11413 a multiple of 113?
True
Is 3334 a multiple of 17?
False
Is 7 a factor of 3882?
False
Is 12 a factor of 1835?
False
Is 1731 a multiple of 18?
False
Does 43 divide 54248?
False
Is 5353 a multiple of 53?
True
Is 272 a factor of 4190?
False
Is 32 a factor of 56542?
False
Is 1100 a multiple of 25?
True
Is 557 a multiple of 58?
False
Does 8 divide 15551?
False
Does 96 divide 10934?
False
Does 3 divide 532?
False
Does 6 divide 15209?
False
Does 19 divide 1387?
True
Does 2 divide 17?
False
Does 166 divide 7491?
False
Is 41339 a multiple of 205?
False
Is 23 a factor of 47918?
False
Does 7 divide 340?
False
Is 90135 a multiple of 15?
True
Does 78 divide 897?
False
Is 282 a multiple of 79?
False
Is 24 a factor of 53896?
False
Does 24 divide 20448?
True
Is 2 a factor of 41?
False
Does 9 divide 3375?
True
Does 9 divide 153?
True
Is 82 a multiple of 41?
True
Is 16 a factor of 20398?
False
Is 233 a multiple of 16?
False
Does 359 d